the prime factors of 137 - 1/((-2)/6)?
2, 5, 7
Let m = 26 - 16. Let g = 4 - m. Let q = -4 - g. What are the prime factors of q?
2
Suppose -11*a + 16*a = 255. What are the prime factors of a?
3, 17
Suppose -5*l + 13 = 33. Let b be (l - -3)/(3/6). What are the prime factors of (-6 + 3 - 27)/b?
3, 5
Let l = 20 - 33. List the prime factors of 11/(-4)*(l - -1).
3, 11
Let t be 0*2/6 + -1. List the prime factors of (-3 - t) + 15 - 2.
11
Let c = 46 + -6. Suppose 8*k - c = 4*k. List the prime factors of k.
2, 5
Suppose -10*r = -15*r + 260. What are the prime factors of r?
2, 13
Let t(k) = k**2 + 6*k - 5. Let i be t(-9). Suppose 2*p - i = -2*j, -2*j + 3*j - 19 = -3*p. List the prime factors of j.
7
Suppose -3*x - 2 = 3*w - 11, 0 = -2*x + 3*w + 11. List the prime factors of (-22)/11*(-22)/x.
11
Suppose 4*g + 2*c - 5 - 1 = 0, 9 = 3*c. Suppose -3*w + 11 + 64 = g. List the prime factors of w.
5
Let t = 67 - 61. List the prime factors of t.
2, 3
Suppose -5*c - 42 - 93 = 0. Let k = 6 + c. Let r = k + 37. What are the prime factors of r?
2
Let n = -26 - -41. Let x(h) = -h**2 + 17*h - 21. List the prime factors of x(n).
3
Let k(p) be the first derivative of p**4/4 - 5*p**3/3 - 5*p**2/2 + 6*p - 1. Suppose 0 = 2*q - 7*q + 30. What are the prime factors of k(q)?
2, 3
Suppose 25 = l - 5*k, -20 = l + 2*k + 2*k. Let u(g) be the first derivative of -g**4/4 + 7*g - 1. What are the prime factors of u(l)?
7
Suppose -5*s - 3*y = -284, -y = 4*s + 2*y - 229. What are the prime factors of s?
5, 11
Let m(p) = 9*p**2 - 3*p - 12. Let o(i) = 5*i**2 - i - 6. Let f(l) = 4*m(l) - 7*o(l). List the prime factors of f(9).
2, 3, 5
Suppose -7*s - s = -1088. List the prime factors of s.
2, 17
Suppose 2*s + 5*k = 0, 0 = -s + 2*k + 7 - 25. Let d(h) = -6*h - h**2 + 2 - 4 - 5*h. What are the prime factors of d(s)?
2
Suppose -2*l + 0*p = -3*p - 41, 2*p = l - 20. List the prime factors of l.
2, 11
Let g(j) be the second derivative of j**5/20 - j**4/12 + 7*j**2/2 + 25*j. Suppose -5*h = -4*y - 0*y + 15, -3*y + 4*h = -12. List the prime factors of g(y).
7
List the prime factors of ((-60)/(-9))/(5/30).
2, 5
Let z be 1/4 + (-30)/24. Let d be 3*-2*z/2. What are the prime factors of (11/(-2 + d))/1?
11
Let h = -10 + 6. Let y = -14 + 21. Let t = y - h. List the prime factors of t.
11
Let w = -24 + 65. Let o = 60 - w. What are the prime factors of o?
19
Suppose 0 = 5*l - 44 + 9. What are the prime factors of l/((-21)/(-6)) + 33?
5, 7
Suppose 4*o = -10*y + 13*y + 282, 0 = -5*y - 10. List the prime factors of o.
3, 23
Let u = -91 + 153. Let d = u - 36. List the prime factors of d.
2, 13
What are the prime factors of 1464/14 + 40/(-70)?
2, 13
Let f(c) = c - 3. Let y be f(-7). What are the prime factors of (-37)/(-5) - (-4)/y?
7
Suppose 5*o = -2*a - 50 + 2, 0 = -2*o + 3*a - 4. Let p = -5 - o. Suppose p*s + 14 = 4*s. List the prime factors of s.
2, 7
Suppose -22 = -2*j + l, 0*j + 5*j = -5*l + 85. Suppose -3*a + 4*a - 2*c = j, -4*a = -2*c - 22. List the prime factors of a.
3
Let z(a) = 43*a**2 + 2*a + 1. What are the prime factors of z(-1)?
2, 3, 7
Let q(s) = -s + 4. Let t be q(0). Suppose 4*x + t*g - 24 = 0, -x + 4 = -3*g + 14. List the prime factors of x.
2
Let u(w) = -w**2 + 3*w - 3. Let t be u(2). Let b = 1 + t. Suppose b = -3*c + m + 29, -4*c - 2*m = m - 30. List the prime factors of c.
3
Let a(x) = x**3 + 2*x**2 - 3*x - 2. Let s be a(-3). Suppose 130 = -5*i - 10. List the prime factors of (i/(-6))/(s/(-3)).
7
Let c(r) be the first derivative of r**4/2 - r**2/2 - 2*r - 2. List the prime factors of c(2).
2, 3
Let s(l) be the third derivative of 0 + 1/3*l**3 + 1/24*l**4 + 2*l**2 + 0*l. What are the prime factors of s(3)?
5
Suppose -c - c = 2*o - 120, o - 4*c = 35. Let b = o + -34. What are the prime factors of b?
3, 7
Let r(j) = j**2 + 3*j + 1. Suppose -4*h + 7*h + 12 = 0. Let k be r(h). Suppose -2*u + 1 = -k. What are the prime factors of u?
3
Let k(n) = 52*n**3 - 2*n**2 + 2*n - 1. What are the prime factors of k(1)?
3, 17
Let h be 4/10 + (-2169)/(-15). Suppose 5*g + h = 3*p, 0*g = g + 5. Suppose 0 = 6*a - 2*a - p. List the prime factors of a.
2, 5
Suppose 3*h + 21 = -0*a + 5*a, 4*a - 18 = 3*h. Suppose 4*y - 37 - 68 = -a*o, o - 22 = 3*y. List the prime factors of o.
31
Let i = -20 + 20. Suppose i = -5*y + 2*l + 124, 3*l + 2*l + 58 = 2*y. List the prime factors of y.
2, 3
Suppose 0*v + 2*v - 22 = -2*j, 4*j - v - 69 = 0. List the prime factors of j.
2
Let l(p) = p**3 - 3*p**2 + p + 2. Let q be l(2). Suppose 5*u - 20 = -q*u. List the prime factors of u.
2
Suppose 17 = -q - 0*q + 3*b, 0 = -5*q - 2*b - 17. Let h = -3 - q. What are the prime factors of 13 - h/(-3 + 1)?
2, 7
Suppose -6 = v + 2*i, -i + 0*i = v + 6. Let g be ((-2)/v)/(2/18). Suppose 6 + g = k. List the prime factors of k.
3
Suppose -98 = -4*k + 318. Let g = k - 62. What are the prime factors of g?
2, 3, 7
Suppose 3*z + 3*y = -111, 4*z + 37 = 3*z - 4*y. Let p = -26 - z. List the prime factors of p.
11
Let h be (-668)/16 + (-2)/8. List the prime factors of 234/14 + (-12)/h.
17
Let r be 8/(-10)*(-30)/4. Suppose 0 = -l + r + 3. What are the prime factors of l?
3
Let b(w) = 14*w - 4. Let l(m) = -13*m + 4. Let p(k) = -2*b(k) - 3*l(k). List the prime factors of p(3).
29
Let f(a) = -a**3 + a**2 - a. Let h be f(0). Suppose -4*b + 52 - 16 = h. What are the prime factors of b/4*(-16)/(-6)?
2, 3
Let c(r) = -3*r - 5. Let w(q) = q**2 - 4*q - 6. Let b(p) = 5*c(p) - 4*w(p). Let u be b(1). List the prime factors of ((-14)/u)/(5/10).
7
Let g = 5 - 9. Let j(l) be the second derivative of l**4/12 + l**3/6 - 5*l**2/2 - 4*l. What are the prime factors of j(g)?
7
Suppose -5*s + 4 = -11. Suppose -s*w - 36 = -7*w. Suppose w*i - 6*i = 36. List the prime factors of i.
2, 3
Let s(v) = -7*v - 3. Let u(p) = -p + 1. Let x(k) = -s(k) - 2*u(k). Let h(i) = i - 1. Let m be h(3). What are the prime factors of x(m)?
19
Suppose -4*k + 6 + 2 = 0. Let y be (-2 - -5)/(k/6). List the prime factors of y + -3*(-3)/9.
2, 5
Let q(c) = -c**3 + 5*c**2 + 7*c - 3. Let a be q(6). Suppose 8*l - a*l = 25. What are the prime factors of l?
5
Let b(m) = m**2 - 4*m + 1. Let a be b(5). Suppose 0 = j - a*j + 45. List the prime factors of j.
3
Let s = 59 + -108. Let o = s - -94. What are the prime factors of o?
3, 5
Let p(a) = 18*a - 1. What are the prime factors of p(2)?
5, 7
Suppose -7*s + 110 = -2*s. Suppose 3*v + 5*y - 49 = v, v + 2*y - s = 0. List the prime factors of v.
2, 3
Suppose 9*v - 1149 = 264. List the prime factors of v.
157
Let y(a) = a**3 - 2*a**2 + 2*a - 1. Let k be ((-1)/1)/(1 - 2). Let f be y(k). Let m = f - -2. What are the prime factors of m?
2
What are the prime factors of ((-462)/12)/(1/(-2))?
7, 11
Let y(z) = z + 3. Let t be y(0). Suppose 2*a + 20 = 4*r, -25 = -2*r - 3*r + 4*a. Let k = r + t. List the prime factors of k.
2
Let k(l) = -2*l - 5. Let g be (-10 - -1) + (-1)/1. List the prime factors of k(g).
3, 5
Let x be ((-568)/(-12) - 4)*6. List the prime factors of (-26)/(-143) - x/(-22).
2, 3
Let t(k) = k**3 + 19*k**2 - 5*k + 45. List the prime factors of t(-19).
2, 5, 7
Let k = 9 + -5. Suppose -2*s - s - 3 = f, 5*f = k*s - 34. Let v = -2 - f. List the prime factors of v.
2
Suppose -h + 31 = -8. List the prime factors of h.
3, 13
Let w = 5 + -1. Suppose -w*g = -0*g. List the prime factors of g - 0 - 8/(-1).
2
Suppose 3*n - 30 = -5*w - n, 3*n - 5 = 5*w. Suppose 0 = -w*x - 2*x - 44. Let i = -7 - x. List the prime factors of i.
2
Let m = -7 - -24. List the prime factors of m.
17
Suppose -3*o + 3 = 0, 0 = 2*m - 5*o + 1. What are the prime factors of m?
2
Suppose 0 = -3*l - l. Suppose 2*b - 5*b = 2*s - 2, l = 4*b - 5*s + 28. List the prime factors of b/4 - 15/(-2).
7
Let n(c) = c**2 - 6*c + 3. Let i be n(6). List the prime factors of (-15)/(-5)*4/i.
2
Suppose 6*f + 4 = 2*f. Let u be 2*f*(-5)/2. What are the prime factors of -12*(45/(-6))/u?
2, 3
Let y = -3 - -231. Suppose 6*f + 0*f - y = 0. What are the prime factors of f?
2, 19
Let n be (120/(-28))/(2/(-14)). Suppose 4*z = 3*i + 7, -4*i - 6 + n = 3*z. What are the prime factors of z?
2
Let n be 6/5 - (-3)/(-15). Suppose 2*k = -n + 61. Suppose -4*y - 8 = -4*f, -5*f - 7*y = -2*y - k. What are the prime factors of f?
2
Let z(t) be the third derivative of t**4/8 - t**3/3 - t**2. Let n(f) = -f**2 - 4*f - 1. Let h be n(-2). List the pr